{"id":13,"date":"2026-02-25T15:15:18","date_gmt":"2026-02-25T18:15:18","guid":{"rendered":"https:\/\/congresonacionaldetrigo.agro.uba.ar\/?page_id=13"},"modified":"2026-03-31T15:20:17","modified_gmt":"2026-03-31T18:20:17","slug":"x-congreso-nacional-de-trigo","status":"publish","type":"page","link":"https:\/\/congresonacionaldetrigo.agro.uba.ar\/","title":{"rendered":"X CONGRESO NACIONAL DE TRIGO"},"content":{"rendered":"\t\t<div data-elementor-type=\"wp-post\" data-elementor-id=\"13\" class=\"elementor elementor-13\">\n\t\t\t\t<div class=\"elementor-element elementor-element-7edf5aa e-flex e-con-boxed e-con e-parent\" data-id=\"7edf5aa\" data-element_type=\"container\">\n\t\t\t\t\t<div class=\"e-con-inner\">\n\t\t\t\t<div class=\"elementor-element elementor-element-129873a elementor-widget elementor-widget-image\" data-id=\"129873a\" data-element_type=\"widget\" data-widget_type=\"image.default\">\n\t\t\t\t\t\t\t\t\t\t\t\t\t\t\t<img fetchpriority=\"high\" decoding=\"async\" width=\"1024\" height=\"576\" src=\"https:\/\/congresonacionaldetrigo.agro.uba.ar\/wp-content\/uploads\/2026\/03\/Congreso-2026_OK_Web-1024x576.png\" class=\"attachment-large size-large wp-image-165\" alt=\"\" srcset=\"https:\/\/congresonacionaldetrigo.agro.uba.ar\/wp-content\/uploads\/2026\/03\/Congreso-2026_OK_Web-1024x576.png 1024w, https:\/\/congresonacionaldetrigo.agro.uba.ar\/wp-content\/uploads\/2026\/03\/Congreso-2026_OK_Web-300x169.png 300w, https:\/\/congresonacionaldetrigo.agro.uba.ar\/wp-content\/uploads\/2026\/03\/Congreso-2026_OK_Web-768x432.png 768w, https:\/\/congresonacionaldetrigo.agro.uba.ar\/wp-content\/uploads\/2026\/03\/Congreso-2026_OK_Web.png 1200w\" sizes=\"(max-width: 1024px) 100vw, 1024px\" \/>\t\t\t\t\t\t\t\t\t\t\t\t\t\t\t<\/div>\n\t\t\t\t\t<\/div>\n\t\t\t\t<\/div>\n\t\t<div class=\"elementor-element elementor-element-59ebc2c e-flex e-con-boxed e-con e-parent\" data-id=\"59ebc2c\" data-element_type=\"container\">\n\t\t\t\t\t<div class=\"e-con-inner\">\n\t\t\t\t<div class=\"elementor-element elementor-element-9e479e6 elementor-widget elementor-widget-text-editor\" data-id=\"9e479e6\" data-element_type=\"widget\" data-widget_type=\"text-editor.default\">\n\t\t\t\t\t\t\t\t\t<p>El <strong>Congreso Nacional de Trigo<\/strong> se realiz\u00f3 por primera vez en el a\u00f1o 1986, acopl\u00e1ndose m\u00e1s tarde el Simposio Nacional de Cereales de Siembra oto\u00f1o-invernal y el Encuentro del Mercosur.<br \/>En la pr\u00f3xima <strong>edici\u00f3n 2026<\/strong>, a realizarse en <strong>Rosario<\/strong>, Santa Fe, Argentina, se cumplir\u00e1n <strong>40 a\u00f1os<\/strong> de aquel primer congreso. El Congreso Nacional de Trigo 2026 ser\u00e1 un \u00e1mbito de actualizaci\u00f3n cient\u00edfico-tecnol\u00f3gico, abordando como ejes principales el aumento de la productividad y su estabilidad, y el mejoramiento de la calidad comercial e industrial, desde diferentes disciplinas, incorporando nuevas tecnolog\u00edas y alternativas de manejo.<br \/>El Congreso contar\u00e1 con <strong>seis ejes tem\u00e1ticos<\/strong>, distribuidos en<strong> 2 jornadas<\/strong> a desarrollar en la <strong>Bolsa de Comercio de Rosario<\/strong>. Para finalizar, habr\u00e1 un tercer d\u00eda a campo (<strong>field day<\/strong>) en la <strong>Facultad de Ciencias Agrarias de la Universidad Nacional de Rosario<\/strong>, donde se mostrar\u00e1n los nuevos materiales liberados al mercado y diferentes planteos del manejo del cultivo.<\/p>\t\t\t\t\t\t\t\t<\/div>\n\t\t\t\t\t<\/div>\n\t\t\t\t<\/div>\n\t\t<div class=\"elementor-element elementor-element-317a91f e-flex e-con-boxed e-con e-parent\" data-id=\"317a91f\" data-element_type=\"container\">\n\t\t\t\t\t<div class=\"e-con-inner\">\n\t\t\t\t<div class=\"elementor-element elementor-element-6c051f8 elementor-widget elementor-widget-heading\" data-id=\"6c051f8\" data-element_type=\"widget\" data-widget_type=\"heading.default\">\n\t\t\t\t\t<h2 class=\"elementor-heading-title elementor-size-default\">EJES TEM\u00c1TICOS<\/h2>\t\t\t\t<\/div>\n\t\t\t\t\t<\/div>\n\t\t\t\t<\/div>\n\t\t<div class=\"elementor-element elementor-element-629f89a e-flex e-con-boxed e-con e-parent\" data-id=\"629f89a\" data-element_type=\"container\">\n\t\t\t\t\t<div class=\"e-con-inner\">\n\t\t\t\t<div class=\"elementor-element elementor-element-03f5d8e elementor-widget elementor-widget-image\" data-id=\"03f5d8e\" data-element_type=\"widget\" data-widget_type=\"image.default\">\n\t\t\t\t\t\t\t\t\t\t\t\t\t\t\t<img decoding=\"async\" width=\"1024\" height=\"576\" src=\"https:\/\/congresonacionaldetrigo.agro.uba.ar\/wp-content\/uploads\/2026\/02\/Ejes-Trigo-WEB-260225-1024x576.png\" class=\"attachment-large size-large wp-image-103\" alt=\"\" srcset=\"https:\/\/congresonacionaldetrigo.agro.uba.ar\/wp-content\/uploads\/2026\/02\/Ejes-Trigo-WEB-260225-1024x576.png 1024w, https:\/\/congresonacionaldetrigo.agro.uba.ar\/wp-content\/uploads\/2026\/02\/Ejes-Trigo-WEB-260225-300x169.png 300w, https:\/\/congresonacionaldetrigo.agro.uba.ar\/wp-content\/uploads\/2026\/02\/Ejes-Trigo-WEB-260225-768x432.png 768w, https:\/\/congresonacionaldetrigo.agro.uba.ar\/wp-content\/uploads\/2026\/02\/Ejes-Trigo-WEB-260225-1536x864.png 1536w, https:\/\/congresonacionaldetrigo.agro.uba.ar\/wp-content\/uploads\/2026\/02\/Ejes-Trigo-WEB-260225.png 2000w\" sizes=\"(max-width: 1024px) 100vw, 1024px\" \/>\t\t\t\t\t\t\t\t\t\t\t\t\t\t\t<\/div>\n\t\t\t\t\t<\/div>\n\t\t\t\t<\/div>\n\t\t<div class=\"elementor-element elementor-element-50a284f e-flex e-con-boxed e-con e-parent\" data-id=\"50a284f\" data-element_type=\"container\">\n\t\t\t\t\t<div class=\"e-con-inner\">\n\t\t\t\t<div class=\"elementor-element elementor-element-9b7fa75 elementor-widget elementor-widget-text-editor\" data-id=\"9b7fa75\" data-element_type=\"widget\" data-widget_type=\"text-editor.default\">\n\t\t\t\t\t\t\t\t\t<p>En cada eje tem\u00e1tico habr\u00e1 disertaciones plenarias, presentaci\u00f3n de trabajos en posters y flash &amp; dash (exposiciones de 3 minutos donde se describir\u00e1n brevemente los posters previamente seleccionados).<br \/>Los esperamos en la ciudad de Rosario para asistir <strong>al evento acad\u00e9mico m\u00e1s importante del cultivo de Trigo en Argentina.<\/strong><\/p>\t\t\t\t\t\t\t\t<\/div>\n\t\t\t\t\t<\/div>\n\t\t\t\t<\/div>\n\t\t<div class=\"elementor-element elementor-element-a04c5ff e-flex e-con-boxed e-con e-parent\" data-id=\"a04c5ff\" data-element_type=\"container\">\n\t\t\t\t\t<div class=\"e-con-inner\">\n\t\t\t\t<div class=\"elementor-element elementor-element-d2b8f03 elementor-widget elementor-widget-heading\" data-id=\"d2b8f03\" data-element_type=\"widget\" data-widget_type=\"heading.default\">\n\t\t\t\t\t<h2 class=\"elementor-heading-title elementor-size-default\">COMISI\u00d3N ORGANIZADORA<\/h2>\t\t\t\t<\/div>\n\t\t\t\t\t<\/div>\n\t\t\t\t<\/div>\n\t\t<div class=\"elementor-element elementor-element-a9c1c3b e-flex e-con-boxed e-con e-parent\" data-id=\"a9c1c3b\" data-element_type=\"container\">\n\t\t\t\t\t<div class=\"e-con-inner\">\n\t\t\t\t<div class=\"elementor-element elementor-element-5d68324 elementor-widget elementor-widget-image\" data-id=\"5d68324\" data-element_type=\"widget\" data-widget_type=\"image.default\">\n\t\t\t\t\t\t\t\t\t\t\t\t\t\t\t<img decoding=\"async\" width=\"1024\" height=\"550\" src=\"https:\/\/congresonacionaldetrigo.agro.uba.ar\/wp-content\/uploads\/2025\/11\/comision-organizadora-1024x550.jpeg\" class=\"attachment-large size-large wp-image-37\" alt=\"\" srcset=\"https:\/\/congresonacionaldetrigo.agro.uba.ar\/wp-content\/uploads\/2025\/11\/comision-organizadora-1024x550.jpeg 1024w, https:\/\/congresonacionaldetrigo.agro.uba.ar\/wp-content\/uploads\/2025\/11\/comision-organizadora-300x161.jpeg 300w, https:\/\/congresonacionaldetrigo.agro.uba.ar\/wp-content\/uploads\/2025\/11\/comision-organizadora-768x413.jpeg 768w, https:\/\/congresonacionaldetrigo.agro.uba.ar\/wp-content\/uploads\/2025\/11\/comision-organizadora.jpeg 1280w\" sizes=\"(max-width: 1024px) 100vw, 1024px\" \/>\t\t\t\t\t\t\t\t\t\t\t\t\t\t\t<\/div>\n\t\t\t\t\t<\/div>\n\t\t\t\t<\/div>\n\t\t<div class=\"elementor-element elementor-element-96bb301 e-flex e-con-boxed e-con e-parent\" data-id=\"96bb301\" data-element_type=\"container\">\n\t\t\t\t\t<div class=\"e-con-inner\">\n\t\t<div class=\"elementor-element elementor-element-43484a3 e-con-full e-flex e-con e-child\" data-id=\"43484a3\" data-element_type=\"container\">\n\t\t\t\t<div class=\"elementor-element elementor-element-7eba4b6 elementor-widget elementor-widget-heading\" data-id=\"7eba4b6\" data-element_type=\"widget\" data-widget_type=\"heading.default\">\n\t\t\t\t\t<h2 class=\"elementor-heading-title elementor-size-default\">ANTECEDENTES<\/h2>\t\t\t\t<\/div>\n\t\t\t\t<\/div>\n\t\t\t\t<div class=\"elementor-element elementor-element-7fbc408 elementor-widget elementor-widget-image\" data-id=\"7fbc408\" data-element_type=\"widget\" data-widget_type=\"image.default\">\n\t\t\t\t\t\t\t\t\t\t\t\t\t\t\t<img loading=\"lazy\" decoding=\"async\" width=\"961\" height=\"1007\" src=\"https:\/\/congresonacionaldetrigo.agro.uba.ar\/wp-content\/uploads\/2026\/02\/antecedentes-vertical.jpeg\" class=\"attachment-large size-large wp-image-130\" alt=\"\" srcset=\"https:\/\/congresonacionaldetrigo.agro.uba.ar\/wp-content\/uploads\/2026\/02\/antecedentes-vertical.jpeg 961w, https:\/\/congresonacionaldetrigo.agro.uba.ar\/wp-content\/uploads\/2026\/02\/antecedentes-vertical-286x300.jpeg 286w, https:\/\/congresonacionaldetrigo.agro.uba.ar\/wp-content\/uploads\/2026\/02\/antecedentes-vertical-768x805.jpeg 768w\" sizes=\"(max-width: 961px) 100vw, 961px\" \/>\t\t\t\t\t\t\t\t\t\t\t\t\t\t\t<\/div>\n\t\t\t\t\t<\/div>\n\t\t\t\t<\/div>\n\t\t<div class=\"elementor-element elementor-element-a62c407 e-flex e-con-boxed e-con e-parent\" data-id=\"a62c407\" data-element_type=\"container\">\n\t\t\t\t\t<div class=\"e-con-inner\">\n\t\t\t\t\t<\/div>\n\t\t\t\t<\/div>\n\t\t\t\t<\/div>\n\t\t","protected":false},"excerpt":{"rendered":"<p>El Congreso Nacional de Trigo se realiz\u00f3 por primera vez en el a\u00f1o 1986, acopl\u00e1ndose m\u00e1s tarde el Simposio Nacional de Cereales de Siembra oto\u00f1o-invernal y el Encuentro del Mercosur.En la pr\u00f3xima edici\u00f3n 2026, a realizarse en Rosario, Santa Fe, Argentina, se cumplir\u00e1n 40 a\u00f1os de aquel primer congreso. El Congreso Nacional de Trigo 2026 [&hellip;]<\/p>\n","protected":false},"author":2,"featured_media":0,"parent":0,"menu_order":0,"comment_status":"closed","ping_status":"closed","template":"","meta":{"footnotes":""},"class_list":["post-13","page","type-page","status-publish","hentry"],"_links":{"self":[{"href":"https:\/\/congresonacionaldetrigo.agro.uba.ar\/index.php?rest_route=\/wp\/v2\/pages\/13","targetHints":{"allow":["GET"]}}],"collection":[{"href":"https:\/\/congresonacionaldetrigo.agro.uba.ar\/index.php?rest_route=\/wp\/v2\/pages"}],"about":[{"href":"https:\/\/congresonacionaldetrigo.agro.uba.ar\/index.php?rest_route=\/wp\/v2\/types\/page"}],"author":[{"embeddable":true,"href":"https:\/\/congresonacionaldetrigo.agro.uba.ar\/index.php?rest_route=\/wp\/v2\/users\/2"}],"replies":[{"embeddable":true,"href":"https:\/\/congresonacionaldetrigo.agro.uba.ar\/index.php?rest_route=%2Fwp%2Fv2%2Fcomments&post=13"}],"version-history":[{"count":47,"href":"https:\/\/congresonacionaldetrigo.agro.uba.ar\/index.php?rest_route=\/wp\/v2\/pages\/13\/revisions"}],"predecessor-version":[{"id":168,"href":"https:\/\/congresonacionaldetrigo.agro.uba.ar\/index.php?rest_route=\/wp\/v2\/pages\/13\/revisions\/168"}],"wp:attachment":[{"href":"https:\/\/congresonacionaldetrigo.agro.uba.ar\/index.php?rest_route=%2Fwp%2Fv2%2Fmedia&parent=13"}],"curies":[{"name":"wp","href":"https:\/\/api.w.org\/{rel}","templated":true}]}}